19*v**4/24 - v**3/3 + 266*v**2. Determine n(-1).
17
Let m(a) = a - 8. Let v be m(13). Let b(j) = -j**3 + 5*j**2 + 9. Let u(l) = -1. Let h(y) = b(y) + 2*u(y). What is h(v)?
7
Let m(t) = t**3 + 7*t**2 + 4*t - 9. Suppose 2*u = 53*n - 50*n + 11, 2*n - 5*u = 0. Calculate m(n).
21
Suppose i - 5*i - 23 = b, -2*b + 2 = 0. Let v(d) be the first derivative of -2*d**2 - 8*d + 73. Give v(i).
16
Let a be (11 - 12) + 0 + 54 + -1. Let k = a + -53. Let z(v) = v**2 + 2*v + 1. Calculate z(k).
0
Let j be (-16)/(-5) - (33/15 - 3). Let m(r) = 4 - r + j + 2*r + 0. Determine m(-9).
-1
Let z(c) = -4*c + 5. Suppose -k + 112 = 27*k. Determine z(k).
-11
Suppose 0*l - 2*l = 6. Let f(p) be the first derivative of -p**3/6 - p**2/2 - 2*p + 64. Let k(b) be the first derivative of f(b). Calculate k(l).
2
Let o(i) = -i**3 - 5*i**2 + 9*i + 6. Let t = -118 + 112. Give o(t).
-12
Let t(h) = -h**3 - 34*h**2 - 67*h - 90. Let a be t(-32). Let g(u) = -u**3 + 4*u**2 + 11*u - 1. What is g(a)?
-7
Let n(b) = -5*b + 9. Let q be (-18)/(-6)*(-14)/(-21). Determine n(q).
-1
Let u(x) be the third derivative of -2*x**2 + 0 - 1/24*x**4 + 1/60*x**5 - 1/3*x**3 + 0*x. Let n(a) = 19*a - 247. Let q be n(13). Give u(q).
-2
Let s(a) = -a**3 - a**2 + a + 2. Let n(t) = 4*t**2 - 37*t + 0*t**3 - t**3 - 7 + 0*t**3 + 43*t. Let h be n(5). Give s(h).
4
Let m(d) = -3*d**3 - 3*d + 2 + 2*d**2 - 5*d**3 - 7*d**3 + 2*d**3 + 12*d**3. Calculate m(3).
-16
Let f(x) = -3*x + 4 - 2776*x**3 + 2777*x**3 + 4*x + 11*x**2. What is f(-11)?
-7
Let o(q) = 12*q + 3. Let l(c) = 37*c + 9. Let f(v) = -2*l(v) + 7*o(v). Give f(-3).
-27
Let d(w) = -w**3 - 6*w**2 + 18*w + 7. Let l be (36/(-15))/(52/40 - 1). Determine d(l).
-9
Let y(q) be the second derivative of q**4/4 + q**3/3 + q**2/2 - 271*q. Let w = -3 - -2. Calculate y(w).
2
Suppose 34*s + 4*s - 266 = 0. Let o(y) = y - 10. Determine o(s).
-3
Let w(d) be the second derivative of -d**3/2 - 174*d. Suppose 4*o = 2*s - 4*s - 10, -5*o = s + 14. Give w(o).
9
Let s(d) = d**3 - 3*d + 6 - 2*d + 2*d + 3*d - 2*d + d**2. What is s(-3)?
-6
Let x be (-1*(6 - -2))/(-2). Let g(y) = 3*y - x*y + 0*y. Suppose 4*w - 2*k + 9 = -11, 2*k = -2*w - 16. What is g(w)?
6
Let a(m) = 7*m**3 + 15*m**2 + 22*m - 2. Let h(t) = t**3 + t**2 + 2*t + 1. Let z(b) = a(b) - 6*h(b). Calculate z(-8).
-24
Let m(d) = d - 2. Let j be 27/6*(-4)/(-6). Let f = j + -5. Give m(f).
-4
Let b be (-3)/(-2) - 3/(-2). Let t(d) = d**3 + 8*d**2 + d - 1. Let s(a) = -4*a**3 - 26*a**2 - 3*a + 3. Let l(j) = 2*s(j) + 7*t(j). Determine l(b).
11
Let c(p) = -29*p + 2*p - 7 + 7. Let z(f) = -11*f. Let o(k) = 2*k**2 - 2*k. Let n be o(3). Let t(d) = n*z(d) - 5*c(d). Calculate t(-1).
-3
Let u(g) = 7*g - 41. Let j be u(6). Let i = j + -6. Let h(a) = 2*a + 6. Calculate h(i).
-4
Let l(r) = -r + 3. Suppose -10 = 5*s - 3*i - 2*i, 2*i - 6 = s. Suppose -6*z = s*d - z - 25, 3*z = 9. Suppose 0 = 5*k - 2*k - d*t + 16, -k + 3*t = 12. Give l(k).
0
Let j(q) be the first derivative of q**4/4 - 5*q**3/3 - 3*q**2 + 4*q - 421. Calculate j(5).
-26
Let v = -59 + 86. Let c be ((-4)/(-12))/((-24)/v + 1). Let j(g) = 6*g + 2. Calculate j(c).
20
Let u = 16 + -8. Suppose 0 = -u*t + 4*t + 20. Let j(b) = b**2 - 3*b - 7. What is j(t)?
3
Let f(a) = a**2 + a. Let q be f(-1). Let l(i) = -i - 4. Let h be l(q). Let o(m) = -6*m + 3. Let g(d) = -5*d + 2. Let v(w) = -4*g(w) + 3*o(w). Calculate v(h).
-7
Let q(j) = 2*j - 11*j**2 - j**3 - 1 - 5*j - 19 - 3. Calculate q(-11).
10
Let h(m) = -11*m - 7. Let v(u) = -12*u - 8. Let c(n) = 5*h(n) - 4*v(n). Suppose -4*k = -4*s + 52, 2*k + 1 + 17 = s. Suppose -6 - s = 7*i. What is c(i)?
11
Suppose -2*j - 4*j = -42. Let p(i) = i**2 - 1. Let o(n) = -3*n**2 - 4*n + 1. Let z(u) = o(u) + 4*p(u). What is z(j)?
18
Let x(c) be the second derivative of c**4/12 - c**3 + 3*c**2 + c. Let m be (2 - 4) + 21 + -2. Let g = m - 11. Determine x(g).
6
Let g be 6/9*6/(-4). Let b(w) be the second derivative of -5*w**4/24 + w**2 - 2*w. Let s(k) be the first derivative of b(k). Determine s(g).
5
Let r(h) be the second derivative of -h**4/12 + 4*h**3/3 + 2184*h. Let t be 7 - (0/2 + -2). Calculate r(t).
-9
Let x(o) = -o**2 - o - 2. Let s(q) = q + 8. Let j(u) = s(u) + 4*x(u). Determine j(-3).
-27
Let d(j) = -11*j - 6 - 10 + 7*j + 14. Calculate d(-2).
6
Let a(h) be the third derivative of 0*h + 3*h**2 + 1/8*h**4 + 0 - 1/3*h**3 - 1/60*h**5. Let y be a(2). Let f(t) = t + 7. Give f(y).
7
Let j(h) = -9*h**3 - 15*h**2 - 21*h + 7. Let w(i) = -5*i**3 - 8*i**2 - 11*i + 4. Let x(o) = 6*j(o) - 11*w(o). Determine x(4).
10
Let f(d) = -9*d**3 + 5*d**2 - d. Let a(y) = 8*y**3 - 6*y**2 + y. Let n(h) = -3*a(h) - 4*f(h). Determine n(1).
11
Let y(f) = 32*f + 3 - 61*f + 28*f + 3. Give y(-6).
12
Let d(v) = 4*v**2 - 2*v. Let r(x) = -3*x**2 + 3*x + 1. Let a(g) = 2*d(g) + 3*r(g). What is a(6)?
-3
Let a(w) be the first derivative of -w**4/4 + w**3/3 + 4*w + 381. What is a(3)?
-14
Let q(f) = -f**3 + f**2 + f + 3. Let c be 99 + (5 - 1) + -6. Let u = c - 97. What is q(u)?
3
Let q(r) be the second derivative of r**5/20 + 5*r**4/12 + r**3/2 - 3*r**2/2 + 20*r + 4. Calculate q(-4).
1
Let u(l) be the second derivative of l**5/24 + l**4/8 + 3*l**3/2 + 5*l. Let h(r) be the second derivative of u(r). Determine h(-5).
-22
Let s(p) be the first derivative of -p**2/2 - p + 1. Suppose 5*j = -2 + 32. Suppose -y - 4 = -4*v - 2, -4*v - y = -j. Calculate s(v).
-2
Let w(p) be the first derivative of -p**4/8 + 2*p**3/3 - 45*p**2/2 + 13. Let h(x) be the second derivative of w(x). What is h(6)?
-14
Let k(o) = -o**3 - 6*o**2 + 3*o + 2. Let c(n) = -n**3 - 5*n**2 + 2*n + 1. Let s(z) = -5*c(z) + 4*k(z). Give s(-2).
-5
Suppose w - 2*w = 0. Suppose -u + 9*u - 16 = w. Let l(a) = -a - 6*a - u + 19*a - 11*a. What is l(-4)?
-6
Suppose -2*x = -2*h + 4 - 0, -5*h + 10 = -x. Let m(l) = -l + l**h - 2*l**2 - l - 3. Let t(w) = -w + 1. Let b be t(4). Determine m(b).
-6
Suppose -3*h = -1 + 25. Let c(u) be the second derivative of u**3/6 + 7*u**2/2 - 31*u. Give c(h).
-1
Let h(u) = 11*u**2 - u**3 + u**3 + 3 - 25*u + 5 + 1 + u**3. Calculate h(-13).
-4
Let a(i) = 5*i**3 - 16*i**2 - 10*i - 13. Let u(p) = -14*p**3 + 46*p**2 + 29*p + 39. Let s(j) = 11*a(j) + 4*u(j). Determine s(9).
-14
Let x(v) be the third derivative of -v**6/60 + v**5/60 - v**4/8 + v**3/2 + 11*v**2 - 2*v. Calculate x(1).
-1
Let a(i) = i**3 - 5*i**2 + 3*i + 3. Suppose 6*j - 21 = 2*j - 5*m, 5*j = 3*m + 54. Suppose 0 = -y - 5 + j. What is a(y)?
-1
Let c(b) be the first derivative of -b**6/360 - 3*b**5/40 - 3*b**4/8 + 7*b**3/3 + 32. Let m(d) be the third derivative of c(d). Give m(-7).
5
Let m be (4/6 - 2)*(5 + -2). Let d be (-1 - (m + 0)) + -1. Let x(f) = 20*f + 3 - 4 - 16*f. Give x(d).
7
Let w(d) be the first derivative of d**4/4 - 5*d**3/3 - d**2/2 + 2*d + 49. Give w(3).
-19
Let m(j) be the third derivative of -j**6/120 - 7*j**5/30 - j**4/24 - 3*j**3 + 5*j**2. Suppose 126 = y - 10*y. Give m(y).
-4
Suppose 3*p + 2 - 20 = 0. Suppose -3*z + p*z + 3 = 0. Let w = -1 + z. Let c(n) = n**2 + 2*n + 2. What is c(w)?
2
Let u = -1 + -3. Let k(h) be the third derivative of -h**5/60 - h**4/6 + h**3/6 + 6829*h**2. Calculate k(u).
1
Suppose 0 = 4*k - 3*i - 42, 0 = 2*k + 2*i - 4*i - 22. Suppose h = -3*o - k, -h - 45 = -6*h + 3*o. Let m(t) = -t + t - 6 - 4*t + t**2. Determine m(h).
6
Let m(s) = 0*s**2 - s**2 + 46 + 92*s - 42*s - 51*s. Let n be m(6). Let d(q) = q**2 - 6*q + 2. Calculate d(n).
-6
Suppose 0*i = i - 5*y - 28, 4 = 3*i + y. Let l(a) be the first derivative of -7 - 5*a**2 + 3*a**2 + 5 + i*a**2. Determine l(1).
2
Let s(d) = -d**3 - 15*d**2 + 16*d - 9. Suppose -p - 144 = 8*p. Determine s(p).
-9
Suppose -2*r = s - 3, 4*s - 50 + 5 = 3*r. Suppose 8 = -s*f - 19. Let n(l) = -2*l. Calculate n(f).
6
Let z = 12 + -7. Suppose 3*j + 36 = 9*j. Let v(f) = -j*f + f**2 + f + 5 + 2*f - f. Calculate v(z).
10
Let f(w) = -w**2 - 2*w + 1. Let a(p) be the second derivative of -p**4/4 + 5*p**3/6 - p**2/2 - 31*p. Let m be a(2). What is f(m)?
-2
Let j(l) be the first derivative of -1/20*l**5 + 4*l + 2/3*l**3 - 3 - 1/6*l**4 + 3/2*l**2. Let m(d) be the first derivative of j(d). Determine m(-3).
0
Let v(n) = 9 + n**2 + 3*n - 21 + 10 + 0*n**2. Suppose -8 + 0 = 2*k. What is v(k)?
2
Let h be ((-3)/9)/((-2)/(-6)). Let v(t) = 1 - 164075*t + 0 + 164077*t. What is v(h)?
-1
Let p(q) be the first derivative of -6*q - q**2 + 